mainder when t is divided by s.
44
Suppose 4*v + 666 = 22*v. Suppose -4*f = -c - 4, -5*c - 4*f - 9 + v = 0. Calculate the remainder when 9 is divided by c.
1
Suppose -83*d + 9291 + 4072 = 0. What is the remainder when d is divided by 5?
1
Let k(s) = 276*s**2 - 162 - 547*s**2 + 273*s**2 - 18*s. What is the remainder when 27 is divided by k(-6)?
9
Let y(s) = -7*s - 12. Let n(o) = 6*o + 13. Let w(h) = 4*n(h) + 6*y(h). Let r be w(-6). Let u = 123 - r. Calculate the remainder when 67 is divided by u.
32
What is the remainder when (133/((-30723)/(-198)))/(166/(-168) - -1) is divided by (-735)/(-39) - (-6)/39?
15
Suppose 141 + 447 = 7*k + 14*k. What is the remainder when 369 is divided by k?
5
Let w be (-44)/66*(-18)/4. Suppose 2*b - 186 = -4*m, b - 3*b + 137 = w*m. Suppose 2*z - 27 - m = 0. What is the remainder when 110 is divided by z?
34
Suppose -6*z - 380 = -25*z. Suppose -z*k + 1 + 79 = 0. Suppose -2*w = -k, -3*b - 6 = -4*b + 4*w. Calculate the remainder when 47 is divided by b.
5
Let x be -2374*(-7)/(-56) - 1/4. Let z = x - -322. Suppose 3*r + n = 220, 4*r + 5*n - 202 - 106 = 0. Calculate the remainder when r is divided by z.
22
Let z = 7988 - 7970. Calculate the remainder when (-850)/(-6) + 7/21 is divided by z.
16
Suppose 413*c - 410*c + 204 - 588 = 0. Calculate the remainder when c is divided by 22.
18
What is the remainder when 1753 is divided by 7 + 7/((-112)/(-400))?
25
Let v = 2701 + -2628. What is the remainder when v is divided by 70?
3
Let x = 580 - 325. Suppose -9*u + 96 = -x. What is the remainder when 310 is divided by u?
37
Let k(i) = 5*i**2 - i. Suppose 75*z - 72*z = 279. Suppose -z = -3*p - 27. What is the remainder when k(-4) is divided by p?
18
Suppose -2*v - 3*v + 1061 = n, 4*v + 5*n = 832. Let f = v + -109. What is the remainder when f is divided by 14?
6
Let l be 169/((45/(-18))/5). Let u = 598 + l. What is the remainder when u is divided by 29?
28
Suppose s + z - 922 = -0*s, -5*z - 2782 = -3*s. Suppose 17*w = 24*w - s. Calculate the remainder when w is divided by 69.
63
Suppose -21*m + 2*u = 104 - 602, m - 3*u = 15. Let a(y) = y**3 - 2*y**2 + 5*y + 7. What is the remainder when a(6) is divided by m?
13
Suppose 0 = 4*i + 2*r - 118, 5*r + 82 + 0 = 3*i. Suppose 0 = 3*d, 3*d - 6*d = -o + i. What is the remainder when 131 is divided by o?
15
Let a be (-9 - -16) + 1*-1. Let z be 0/(4/(-8)*a) + 1. What is the remainder when (-4 - -1)*z - -102 is divided by 25?
24
Let c = -1427 - -2632. What is the remainder when c is divided by 13?
9
Let t(m) = -5*m + 499. Calculate the remainder when t(-14) is divided by 18.
11
Let l = 5696 - 5611. What is the remainder when 1202 is divided by l?
12
Suppose 2*z = 12, -3*o = 27*z - 28*z - 3645. What is the remainder when o is divided by 18?
11
Let a(q) be the third derivative of q**5/60 - q**4/4 - 25*q**3/3 - 46*q**2. Calculate the remainder when 170 is divided by a(12).
16
Suppose 0 = 3*r + 3*g - 153, -9*r = -4*r - 4*g - 291. Calculate the remainder when r is divided by 25.
5
Suppose -13 + 52 = -3*u. Let i(a) = a - 6 + 0 - 4 + 5 + 30. What is the remainder when 31 is divided by i(u)?
7
Let y(p) = 369*p + 5339. What is the remainder when y(-14) is divided by 30?
23
Let j(w) = -w + 4. Suppose -3*c + 34 = -2*d, 0 = 3*c - d - 8 - 21. Calculate the remainder when c is divided by j(-3).
1
Suppose -1818 + 1491 - 4195 = -14*h. What is the remainder when h is divided by 13?
11
Let f(t) = 11*t - 208. What is the remainder when f(24) is divided by 12/(-54) - (-203)/63?
2
What is the remainder when (2 - 3) + (10 - 4) + 72*7 is divided by 148?
65
Suppose -5*y = -33 - 72. Let u = 30 - y. Let x(p) = 3*p**2 + p. What is the remainder when x(3) is divided by u?
3
Let o(b) = -2*b**2 - 173*b + 1467. Calculate the remainder when o(-93) is divided by 200.
58
Let v(d) = 8*d - 4. Let b(t) = 54*t**2 + 4*t - 5. What is the remainder when b(1) is divided by v(3)?
13
Let d be 50/4 - 1/2. Let a be ((-1463)/(-76))/((-27)/(-24) + -1). What is the remainder when 114 is divided by 2/12 + a/d?
10
Let a(k) = 5443*k + 212300. Suppose 0 = -2*q + 10 + 6. What is the remainder when a(-39) is divided by q?
7
Calculate the remainder when 7503 is divided by -4*(-938 - (4 - -5)/(-9)).
7
Suppose 17*r - 18*r - 292 = -4*v, 12 = 3*r. Calculate the remainder when v is divided by (-204)/(-15) - (-4)/10.
4
Let r = 82 + -94. Let u be (-4 - (4/12 + 0))*r. Suppose -5*f + u = 2*w, 2*f + w + 19 = 4*f. What is the remainder when f is divided by 2?
0
Suppose 16 = -4*l, 80*i + l - 29 = 79*i. Calculate the remainder when 345 is divided by i.
15
Let i(a) = a**2 - 2*a + 6. Let t be i(4). What is the remainder when (t + -16)*22/10*-15 is divided by 5?
1
Suppose -3282*c + 3219*c + 3906 = 0. What is the remainder when 816 is divided by c?
10
What is the remainder when 97 is divided by (-12)/22 - (-10)/(330/381)?
9
Let q = -35 + 26. Let m = 9 + q. Suppose m = x + 4*t - 11 - 9, 0 = x + 2*t - 12. Calculate the remainder when 7 is divided by x.
3
Let t = 10 - 16. Let o(h) = -2051377 - 3*h + 2051377. What is the remainder when 141 is divided by o(t)?
15
Let l = 3426 + -3414. Calculate the remainder when 107 is divided by l.
11
Suppose 14*k = 234 + 550. Let m = 175 + -175. Suppose m = -20*v + 24*v - k. Calculate the remainder when 153 is divided by v.
13
Suppose 5*m - 2*z - 34 + 46 = 0, 4*z - 100 = -9*m. What is the remainder when 31*2*1/2 is divided by m?
3
Let h = 329 + -270. Suppose -3*n + 37 = -h. Calculate the remainder when 90 is divided by n.
26
Suppose 0 = 3*m + 3*v - 12, 4*m + 15*v - 10*v = 18. Calculate the remainder when 19 + (-2)/(5 + -3) is divided by 22/6 - m/3.
0
Let g = 6000 - 5818. Suppose -4*d + 0*d = 5*p - 114, p + 33 = d. Calculate the remainder when g is divided by d.
27
Suppose 0 = -4*q + 6 - 34. Let v(x) = x**3 + 5*x**2 - 22*x + 5. What is the remainder when v(q) is divided by 33?
28
Suppose v = 5*g + 15 - 49, 2*g = v + 16. Suppose -g*j - 168 = -10*j. Let s = -6 - -20. Calculate the remainder when j is divided by s.
0
Calculate the remainder when 375 is divided by (8 - (-1)/(6/(-60))) + 65.
60
Suppose 2*z = 6*z - 16. Suppose -z*o - 296 = -8*o. Calculate the remainder when o is divided by 15.
14
Let i(z) = 8*z - 65. Let q be i(8). Calculate the remainder when (116/(q - 3))/(-1) is divided by 6.
5
Suppose 0 = l + 2*l - 720. Let r be (-4)/(-30) - 32/l. Suppose 3*t = -12, r = -4*u - 2*t - 5 + 69. What is the remainder when 70 is divided by u?
16
Let d = -38338 - -38382. Let t(y) = -148*y**3 + 2*y**2 + y. Let h be t(-1). Suppose 2*u + h = 495. Calculate the remainder when u is divided by d.
41
Suppose -2*h = y - 24, -y = -h + 39 - 54. What is the remainder when 573 is divided by y?
15
Suppose 362*p = 363*p + 2*r - 80, -3*r = 3*p - 252. Calculate the remainder when 1591 is divided by p.
7
Suppose 1 + 7 = 2*m. Suppose -10*j + m = -8*j. What is the remainder when 59 is divided by 2/5*(j + 38)?
11
Suppose 7*i - 430 = -8*i + 5*i. Calculate the remainder when 50 is divided by i.
7
Suppose 2*u = 2*v + 5400, 2*u = -5*v + 2510 + 2848. What is the remainder when u is divided by 20?
14
Suppose -3*m + 48 = -5*l + 289, 7 = -m. What is the remainder when 1965 is divided by l?
29
Suppose 753*j - 3756*j = 3393*j - 447720. Suppose 2*n = 2*f - 36, 2*f - 5*n - 12 - 24 = 0. What is the remainder when j is divided by f?
16
Let c(q) = -112*q - 38. What is the remainder when c(-2) is divided by (-2 + 6 + -2)/((-42)/(-987))?
45
Let n = 217 + -88. Let o(q) = 6*q**2 + 11*q + 25. Let x be o(-3). Suppose 70 = 5*p - 2*p - 2*k, -x = -2*p + k. Calculate the remainder when n is divided by p.
19
Let n = 44 - 22. Suppose n = s - 23. What is the remainder when s is divided by 24 + (-5 - (11 - 8))?
13
Suppose -3*t - 34 = 101. What is the remainder when (-7 - t) + (0 - 0)/(-1) is divided by 13?
12
Suppose 8 = -l, 2*m - 1295*l = -1299*l - 6. Suppose 0 = 2*q - 3 + 1. Calculate the remainder when m is divided by 0/q + (-30)/(-5).
1
What is the remainder when 122 is divided by (-5512)/312*(-1)/(3/18)?
16
Suppose -p + 3*b - 10 + 0 = 0, -4*p + 28 = 5*b. What is the remainder when 27 is divided by p*2/(-10)*(-1530)/34?
9
Let j(u) = -2*u**3 + 174*u**2 + 729*u - 80. Calculate the remainder when 1456 is divided by j(91).
4
Let m = -57 + 57. Suppose 8*g + 5 + 51 = m. Calculate the remai